{"id":9,"date":"2015-05-13T18:26:36","date_gmt":"2015-05-13T16:26:36","guid":{"rendered":"http:\/\/www.west-highlanders.de\/2015\/?page_id=9"},"modified":"2015-06-16T20:28:30","modified_gmt":"2015-06-16T18:28:30","slug":"ueber-uns","status":"publish","type":"page","link":"https:\/\/www.west-highlanders.de\/2015\/ueber-uns\/","title":{"rendered":"\u00dcBER UNS"},"content":{"rendered":"<p class=\"StilText10\" style=\"text-align: justify;\"><a href=\"http:\/\/www.west-highlanders.de\/wp-content\/uploads\/2015\/05\/Logo_West-Highlanders.png\"><img decoding=\"async\" loading=\"lazy\" class=\" size-medium wp-image-127 alignleft\" src=\"http:\/\/www.west-highlanders.de\/wp-content\/uploads\/2015\/05\/Logo_West-Highlanders-214x300.png\" alt=\"Logo_TWH\" width=\"214\" height=\"300\" srcset=\"https:\/\/www.west-highlanders.de\/wp-content\/uploads\/2015\/05\/Logo_West-Highlanders-214x300.png 214w, https:\/\/www.west-highlanders.de\/wp-content\/uploads\/2015\/05\/Logo_West-Highlanders-731x1024.png 731w, https:\/\/www.west-highlanders.de\/wp-content\/uploads\/2015\/05\/Logo_West-Highlanders.png 795w\" sizes=\"(max-width: 214px) 100vw, 214px\" \/><\/a>Die West-Highlanders Pipes and Drums sind eine Pipeband aus Geseke in NRW und spielen traditionelle schottische Dudelsackmusik. Mit der Gr\u00fcndung der Band haben sich echte Schottlandfans zusammengefunden, die den nat\u00fcrlichen und rauen Charme des schottischen Hochlands lieben und das in Ihrer Musik ausdr\u00fccken wollen.<br \/>\nEs ist ein Zusammenschluss von Personen, der die Verbreitung des schottischen Dudelsacksspieles in Deutschland unterst\u00fctzt und zu diesem Zweck Informationen \u00fcber das Instrument und dessen Spielweise an Interessenten weiterleitet. Anf\u00e4ngern wird Starthilfe gegeben, Verbindungen zwischen Dudelsackpfeifern werden gekn\u00fcpft und Unterricht f\u00fcr Anf\u00e4nger und Fortgeschrittene durch qualifizierte Lehrer organisiert.<br \/>\nDie West Highlanders Pipes and Drums spielen zu allen Anl\u00e4ssen. Stadtfeste, Firmenevents, Familienfeiern, Hochzeiten, Geburtstage oder sonstige Veranstaltungen und haben f\u00fcr jeden Anlass die richtige Musik. Oder brauchen sie eine originelle \u00dcberraschung f\u00fcr einen Freund oder Bekannten? Dann nehmen Sie <a href=\"http:\/\/www.west-highlanders.de\/2015\/kontakt\/\">Kontakt<\/a> mit uns auf.<\/p>\n<p class=\"StilText10\" style=\"text-align: justify;\"><strong>Unser Tartan<\/strong><br \/>\nEin Tartan hei\u00dft eigentlich nicht anderes als \u201cbuntkarierter Wollstoff\u201d. An Hand des Musters konnte man immer die verschiedenen Clans und Regimenter erkennen. Unser Tartan hei\u00dft Black Watch Highlanders Regimental. Dieser Tartan geh\u00f6rt nicht zu einem Clan sondern zu der milit\u00e4rischen Einheit Black Watch.<\/p>\n<p class=\"StilText10\" style=\"text-align: justify;\"><strong>Der Anfang<\/strong><br \/>\nIm Jahr 2002 schlossen sich 3 Geseker Musiker, fasziniert von der schottischen Dudelsackmusik, zusammen und gr\u00fcndeten eine Pipeband. Musikalisch waren sie zun\u00e4chst v\u00f6llig allein auf sich gestellt. Die zur kompletten schottischen Spieltechnik geh\u00f6renden, charakteristischen, aber teilweise technisch schwierigen Ziernoten (Gracenotes und Doublings ) eigneten sie sich durch hartn\u00e4ckige \u00dcbungsabende an. Nun waren die spielerischen Grundvoraussetzungen geschaffen.<\/p>\n<p class=\"StilText10\" style=\"text-align: justify;\">\n","protected":false},"excerpt":{"rendered":"<p>Die West-Highlanders Pipes and Drums sind eine Pipeband aus Geseke in NRW und spielen traditionelle schottische Dudelsackmusik. Mit der Gr\u00fcndung der Band haben sich echte Schottlandfans zusammengefunden, die den nat\u00fcrlichen und rauen Charme des schottischen Hochlands lieben und das in &hellip; <a href=\"https:\/\/www.west-highlanders.de\/2015\/ueber-uns\/\">Weiterlesen <span class=\"meta-nav\">&rarr;<\/span><\/a><\/p>\n","protected":false},"author":1,"featured_media":0,"parent":0,"menu_order":0,"comment_status":"closed","ping_status":"closed","template":"sidebar-page.php","meta":{"ngg_post_thumbnail":0},"_links":{"self":[{"href":"https:\/\/www.west-highlanders.de\/2015\/wp-json\/wp\/v2\/pages\/9"}],"collection":[{"href":"https:\/\/www.west-highlanders.de\/2015\/wp-json\/wp\/v2\/pages"}],"about":[{"href":"https:\/\/www.west-highlanders.de\/2015\/wp-json\/wp\/v2\/types\/page"}],"author":[{"embeddable":true,"href":"https:\/\/www.west-highlanders.de\/2015\/wp-json\/wp\/v2\/users\/1"}],"replies":[{"embeddable":true,"href":"https:\/\/www.west-highlanders.de\/2015\/wp-json\/wp\/v2\/comments?post=9"}],"version-history":[{"count":6,"href":"https:\/\/www.west-highlanders.de\/2015\/wp-json\/wp\/v2\/pages\/9\/revisions"}],"predecessor-version":[{"id":349,"href":"https:\/\/www.west-highlanders.de\/2015\/wp-json\/wp\/v2\/pages\/9\/revisions\/349"}],"wp:attachment":[{"href":"https:\/\/www.west-highlanders.de\/2015\/wp-json\/wp\/v2\/media?parent=9"}],"curies":[{"name":"wp","href":"https:\/\/api.w.org\/{rel}","templated":true}]}}