{"id":15,"date":"2015-05-13T18:59:02","date_gmt":"2015-05-13T16:59:02","guid":{"rendered":"http:\/\/www.west-highlanders.de\/2015\/?page_id=15"},"modified":"2024-03-23T18:49:42","modified_gmt":"2024-03-23T17:49:42","slug":"kontakt","status":"publish","type":"page","link":"https:\/\/www.west-highlanders.de\/2015\/kontakt\/","title":{"rendered":"KONTAKT"},"content":{"rendered":"<p>Sie k\u00f6nnen uns unter <a href=\"mailto:kontakt@west-highlanders.de\">kontakt[at]west-highlanders.de<\/a> erreichen. F\u00fcr Buchungsanfragen haben wir f\u00fcr Sie auf dem unteren Teil dieser Seite ein Formular vorbereitet.<\/p>\n<p><strong>1. Vorsitzender<\/strong><br \/>\nJonas Wrede<br \/>\nE-Mail: jonas.wrede[at]west-highlanders.de<br \/>\nTel.: 02942\/974360<\/p>\n<p><strong>2. Vorsitzender<\/strong>\/ Auftrittsmanagement<br \/>\nFrank Hohmann<br \/>\nE-Mail: frank.hohmann[at]west-highlanders.de<br \/>\nTel.: 02942\/979671<\/p>\n<p><strong>Musikalische Leitung<\/strong>\/ Pipe Major<br \/>\nUlrich Freitag<br \/>\nE-Mail: ulrich.freitag[at]west-highlanders.de<\/p>\n<h1><strong>Buchungsanfrage<\/strong><\/h1>\n<p>Haben wir Ihr Interesse geweckt? Lassen Sie sich von uns ein unverbindliches Angebot erstellen.<\/p>\n\n<div class=\"wpcf7 no-js\" id=\"wpcf7-f120-o1\" lang=\"de-DE\" dir=\"ltr\">\n<div class=\"screen-reader-response\"><p role=\"status\" aria-live=\"polite\" aria-atomic=\"true\"><\/p> <ul><\/ul><\/div>\n<form action=\"\/2015\/wp-json\/wp\/v2\/pages\/15#wpcf7-f120-o1\" method=\"post\" class=\"wpcf7-form init\" aria-label=\"Kontaktformular\" novalidate=\"novalidate\" data-status=\"init\">\n<div style=\"display: none;\">\n<input type=\"hidden\" name=\"_wpcf7\" value=\"120\" \/>\n<input type=\"hidden\" name=\"_wpcf7_version\" value=\"5.7.3\" \/>\n<input type=\"hidden\" name=\"_wpcf7_locale\" value=\"de_DE\" \/>\n<input type=\"hidden\" name=\"_wpcf7_unit_tag\" value=\"wpcf7-f120-o1\" \/>\n<input type=\"hidden\" name=\"_wpcf7_container_post\" value=\"0\" \/>\n<input type=\"hidden\" name=\"_wpcf7_posted_data_hash\" value=\"\" \/>\n<\/div>\n<p>Ihr Name * (* Pflichtfelder)\n<\/p>\n<p><span class=\"wpcf7-form-control-wrap\" data-name=\"your-name\"><input size=\"40\" class=\"wpcf7-form-control wpcf7-text wpcf7-validates-as-required\" aria-required=\"true\" aria-invalid=\"false\" value=\"\" type=\"text\" name=\"your-name\" \/><\/span>\n<\/p>\n<p>Ihre Telefonnummer\n<\/p>\n<p><span class=\"wpcf7-form-control-wrap\" data-name=\"tel-5\"><input size=\"40\" class=\"wpcf7-form-control wpcf7-text wpcf7-tel wpcf7-validates-as-tel\" aria-invalid=\"false\" value=\"\" type=\"tel\" name=\"tel-5\" \/><\/span>\n<\/p>\n<p>Ihre E-Mail-Adresse *\n<\/p>\n<p><span class=\"wpcf7-form-control-wrap\" data-name=\"your-email\"><input size=\"40\" class=\"wpcf7-form-control wpcf7-text wpcf7-email wpcf7-validates-as-required wpcf7-validates-as-email\" aria-required=\"true\" aria-invalid=\"false\" value=\"\" type=\"email\" name=\"your-email\" \/><\/span>\n<\/p>\n<p>Veranstaltungsort *\n<\/p>\n<p><span class=\"wpcf7-form-control-wrap\" data-name=\"text-471\"><input size=\"40\" class=\"wpcf7-form-control wpcf7-text wpcf7-validates-as-required\" aria-required=\"true\" aria-invalid=\"false\" value=\"\" type=\"text\" name=\"text-471\" \/><\/span>\n<\/p>\n<p>Datum der Veranstaltung *\n<\/p>\n<p><span class=\"wpcf7-form-control-wrap\" data-name=\"text-95\"><input size=\"40\" class=\"wpcf7-form-control wpcf7-text wpcf7-validates-as-required\" aria-required=\"true\" aria-invalid=\"false\" value=\"\" type=\"text\" name=\"text-95\" \/><\/span>\n<\/p>\n<p>Uhrzeit des Auftritts *\n<\/p>\n<p><span class=\"wpcf7-form-control-wrap\" data-name=\"text-414\"><input size=\"40\" class=\"wpcf7-form-control wpcf7-text wpcf7-validates-as-required\" aria-required=\"true\" aria-invalid=\"false\" value=\"\" type=\"text\" name=\"text-414\" \/><\/span>\n<\/p>\n<p>Art der Veranstaltung* (z.B. Geburtstag, Sch\u00fctzenfest....)\n<\/p>\n<p><span class=\"wpcf7-form-control-wrap\" data-name=\"text-288\"><input size=\"40\" class=\"wpcf7-form-control wpcf7-text wpcf7-validates-as-required\" aria-required=\"true\" aria-invalid=\"false\" value=\"\" type=\"text\" name=\"text-288\" \/><\/span>\n<\/p>\n<p>Ihre Nachricht\n<\/p>\n<p><span class=\"wpcf7-form-control-wrap\" data-name=\"your-message\"><textarea cols=\"40\" rows=\"10\" class=\"wpcf7-form-control wpcf7-textarea\" aria-invalid=\"false\" name=\"your-message\"><\/textarea><\/span>\n<\/p>\n<p><input class=\"wpcf7-form-control has-spinner wpcf7-submit\" type=\"submit\" value=\"Senden\" \/>\n<\/p><div class=\"wpcf7-response-output\" aria-hidden=\"true\"><\/div>\n<\/form>\n<\/div>\n\n<p>Hinweise zur Verarbeitung Ihrer Angaben und Widerspruchsrechte: <a href=\"http:\/\/www.west-highlanders.de\/2015\/impressum\/\">Datenschutz<\/a><\/p>\n","protected":false},"excerpt":{"rendered":"<p>Sie k\u00f6nnen uns unter kontakt[at]west-highlanders.de erreichen. F\u00fcr Buchungsanfragen haben wir f\u00fcr Sie auf dem unteren Teil dieser Seite ein Formular vorbereitet. 1. Vorsitzender Jonas Wrede E-Mail: jonas.wrede[at]west-highlanders.de Tel.: 02942\/974360 2. Vorsitzender\/ Auftrittsmanagement Frank Hohmann E-Mail: frank.hohmann[at]west-highlanders.de Tel.: 02942\/979671 Musikalische Leitung\/ &hellip; <a href=\"https:\/\/www.west-highlanders.de\/2015\/kontakt\/\">Weiterlesen <span class=\"meta-nav\">&rarr;<\/span><\/a><\/p>\n","protected":false},"author":1,"featured_media":0,"parent":0,"menu_order":0,"comment_status":"closed","ping_status":"closed","template":"sidebar-page.php","meta":{"ngg_post_thumbnail":0},"_links":{"self":[{"href":"https:\/\/www.west-highlanders.de\/2015\/wp-json\/wp\/v2\/pages\/15"}],"collection":[{"href":"https:\/\/www.west-highlanders.de\/2015\/wp-json\/wp\/v2\/pages"}],"about":[{"href":"https:\/\/www.west-highlanders.de\/2015\/wp-json\/wp\/v2\/types\/page"}],"author":[{"embeddable":true,"href":"https:\/\/www.west-highlanders.de\/2015\/wp-json\/wp\/v2\/users\/1"}],"replies":[{"embeddable":true,"href":"https:\/\/www.west-highlanders.de\/2015\/wp-json\/wp\/v2\/comments?post=15"}],"version-history":[{"count":12,"href":"https:\/\/www.west-highlanders.de\/2015\/wp-json\/wp\/v2\/pages\/15\/revisions"}],"predecessor-version":[{"id":1336,"href":"https:\/\/www.west-highlanders.de\/2015\/wp-json\/wp\/v2\/pages\/15\/revisions\/1336"}],"wp:attachment":[{"href":"https:\/\/www.west-highlanders.de\/2015\/wp-json\/wp\/v2\/media?parent=15"}],"curies":[{"name":"wp","href":"https:\/\/api.w.org\/{rel}","templated":true}]}}